ivisor of 136656 and 219?
219
What is the highest common factor of 150 and 123174?
6
What is the greatest common divisor of 1525 and 4225?
25
Calculate the greatest common factor of 28 and 315644.
28
What is the highest common factor of 765 and 2504610?
765
What is the greatest common factor of 226 and 3056537?
113
What is the highest common divisor of 5 and 53615?
5
What is the greatest common divisor of 15943 and 749?
107
Calculate the greatest common divisor of 6 and 130881.
3
What is the highest common divisor of 58639 and 1099?
7
What is the highest common factor of 564 and 165372?
12
Calculate the highest common divisor of 315 and 74865.
105
Calculate the greatest common factor of 743380 and 275.
55
What is the greatest common divisor of 36 and 79137?
9
Calculate the greatest common factor of 100804 and 12122.
638
Calculate the highest common factor of 8008 and 22.
22
Calculate the greatest common factor of 16240 and 2765.
35
What is the greatest common divisor of 1089 and 4763?
11
Calculate the highest common divisor of 30456 and 12312.
648
What is the greatest common factor of 648 and 74898?
54
Calculate the highest common divisor of 54 and 547506.
54
What is the greatest common factor of 106047 and 63?
9
What is the greatest common divisor of 91260 and 140?
20
Calculate the highest common divisor of 234 and 52182.
234
What is the greatest common divisor of 468 and 949?
13
Calculate the greatest common divisor of 1177752 and 24.
24
What is the greatest common divisor of 72 and 59?
1
Calculate the greatest common divisor of 561 and 9163.
187
Calculate the highest common divisor of 22545 and 5805.
135
Calculate the greatest common factor of 408 and 30651.
51
What is the greatest common divisor of 76097 and 98?
49
What is the highest common divisor of 1368 and 135090?
342
Calculate the highest common divisor of 267380 and 1044.
116
Calculate the greatest common factor of 8 and 2237800.
8
What is the highest common divisor of 510860 and 7?
7
Calculate the greatest common factor of 2095 and 55.
5
Calculate the greatest common factor of 545 and 275770.
545
What is the greatest common factor of 8 and 288584?
8
Calculate the highest common divisor of 725 and 459505.
145
Calculate the highest common factor of 19039 and 482.
241
Calculate the greatest common factor of 4446 and 1235.
247
What is the greatest common factor of 1134 and 16524?
162
What is the greatest common factor of 18942 and 99?
33
Calculate the greatest common factor of 67624 and 6848.
856
Calculate the highest common divisor of 64056 and 192.
24
What is the highest common divisor of 76 and 208924?
76
What is the highest common factor of 33 and 282348?
33
What is the highest common factor of 7248 and 477160?
1208
What is the highest common divisor of 3989293 and 2266?
1133
What is the highest common factor of 2668 and 26854?
58
What is the highest common factor of 40508 and 1292?
76
Calculate the greatest common divisor of 22 and 613426.
22
What is the greatest common factor of 32 and 37056?
32
What is the highest common factor of 171386 and 24301?
1279
What is the greatest common factor of 7800 and 4620?
60
What is the highest common factor of 3520 and 42152?
88
Calculate the highest common factor of 644 and 3177979.
161
What is the greatest common factor of 2246463 and 18?
9
Calculate the greatest common factor of 3315 and 854165.
1105
What is the greatest common divisor of 1207913 and 3311?
301
What is the greatest common factor of 3094 and 2482?
34
What is the highest common divisor of 26 and 39221?
13
What is the highest common factor of 518 and 159?
1
What is the highest common factor of 1413 and 3177?
9
What is the highest common divisor of 152 and 73036?
76
What is the highest common factor of 2240 and 125720?
280
What is the greatest common divisor of 1025 and 9963?
41
What is the highest common factor of 18 and 9014?
2
What is the greatest common factor of 195 and 310570?
65
What is the highest common divisor of 32160 and 80?
80
Calculate the greatest common divisor of 885191 and 19.
19
What is the greatest common divisor of 439625 and 10?
5
What is the greatest common divisor of 65502 and 1458?
54
What is the highest common divisor of 500 and 192860?
20
Calculate the highest common divisor of 76601 and 1765.
353
Calculate the greatest common divisor of 2816 and 66616.
88
What is the highest common factor of 535942 and 1496?
374
What is the highest common divisor of 8187533 and 107?
107
What is the highest common factor of 538505 and 22?
11
Calculate the highest common divisor of 4417 and 14.
7
What is the highest common divisor of 485 and 6?
1
Calculate the highest common factor of 457960 and 80.
40
Calculate the highest common factor of 17328 and 1064.
152
Calculate the highest common divisor of 102505 and 143260.
1235
What is the greatest common factor of 1286 and 43081?
643
Calculate the greatest common factor of 48426 and 336.
42
What is the greatest common divisor of 1 and 146291?
1
What is the greatest common factor of 14 and 458668?
14
Calculate the highest common factor of 639 and 3479.
71
What is the highest common divisor of 11288 and 3128?
136
Calculate the greatest common divisor of 90085 and 215.
215
Calculate the greatest common factor of 33 and 9693651.
33
Calculate the greatest common divisor of 40 and 44104.
8
What is the highest common divisor of 2268 and 94284?
324
What is the highest common factor of 299 and 9477?
13
Calculate the greatest common divisor of 1902 and 2280.
6
What is the highest common factor of 1308475 and 350?
175
What is the greatest common factor of 775720 and 495?
55
Calculate the greatest common divisor of 42007 and 119.
119
Calculate the greatest common divisor of 60 and 667596.
12
Calculate the highest common factor of 4335 and 640135.
1445
Calculate the greatest common factor of 329 and 1379.
7
Calculate the highest common factor of 14718 and 2409.
33
What is the greatest common factor of 130758 and 86469?
2109
Calculate the highest common divisor of 608 and 56096.
32
What is the greatest common factor of 20 and 721520?
20
Calculate the greatest common factor of 155918 and 98.
98
What is the greatest common factor of 156512 and 438?
146
What is the greatest common divisor of 48 and 5750256?
48
What is the highest common divisor of 34956 and 9?
9
What is the highest common factor of 736 and 100?
4
Calculate the highest common divisor of 428 and 49862.
214
Calculate the greatest common divisor of 4121 and 4755.
317
What is the highest common factor of 2003372 and 28?
28
What is the highest common divisor of 1260420 and 2310?
210
What is the highest common divisor of 16736 and 134411?
523
Calculate the highest common factor of 244 and 164.
4
What is the highest common factor of 174 and 4254?
6
Calculate the greatest common divisor of 288081 and 171.
9
Calculate the greatest common divisor of 30 and 404145.
15
What is the highest common divisor of 55 and 4367?
11
Calculate the greatest common factor of 32 and 58576.
16
What is the highest common factor of 6474 and 702?
78
Calculate the highest common divisor of 644 and 440128.
92
What is the greatest common divisor of 72 and 5556?
12
Calculate the highest common divisor of 1504 and 103494.
94
Calculate the greatest common factor of 136802 and 4818.
146
Calculate the highest common factor of 35947 and 2792.
349
What is the greatest common factor of 3811 and 26471?
103
Calculate the greatest common divisor of 6216 and 349428.
444
What is the greatest common divisor of 2403 and 9?
9
Calculate the greatest common divisor of 312 and 54.
6
What is the greatest common divisor of 252792 and 144?
72
What is the greatest common factor of 286395 and 915?
915
Calculate the highest common divisor of 7367 and 3233.
53
Calculate the highest common divisor of 1230660 and 80.
20
What is the greatest common divisor of 10511 and 575?
23
What is the highest common divisor of 1416 and 85432?
472
Calculate the highest common divisor of 900073 and 4756.
1189
What is the greatest common divisor of 184 and 70426?
46
What is the greatest common divisor of 18941 and 141?
47
Calculate the greatest common divisor of 72 and 148680.
72
Calculate the highest common factor of 67 and 856126.
67
What is the 